{"id":15968,"date":"2018-10-15T13:36:23","date_gmt":"2018-10-15T11:36:23","guid":{"rendered":"https:\/\/www.studioboda.com\/blog\/?page_id=15968\/"},"modified":"2022-09-17T13:12:18","modified_gmt":"2022-09-17T11:12:18","slug":"reportaje-de-boda-bajo-el-agua","status":"publish","type":"page","link":"https:\/\/www.studioboda.com\/blog\/reportaje-de-boda-bajo-el-agua\/","title":{"rendered":"Reportaje de Boda bajo el agua"},"content":{"rendered":"\n<figure class=\"wp-block-image\"><img fetchpriority=\"high\" decoding=\"async\" width=\"1799\" height=\"1200\" src=\"https:\/\/www.studioboda.com\/blog\/wp-content\/uploads\/2018\/10\/11-15968-page\/11Lydia-sub.jpg\" alt=\"\" class=\"wp-image-15969\" srcset=\"https:\/\/www.studioboda.com\/blog\/wp-content\/uploads\/2018\/10\/11-15968-page\/11Lydia-sub.jpg 1799w, https:\/\/www.studioboda.com\/blog\/wp-content\/uploads\/2018\/10\/11-15968-page\/11Lydia-sub-300x200.jpg 300w, https:\/\/www.studioboda.com\/blog\/wp-content\/uploads\/2018\/10\/11-15968-page\/11Lydia-sub-768x512.jpg 768w, https:\/\/www.studioboda.com\/blog\/wp-content\/uploads\/2018\/10\/11-15968-page\/11Lydia-sub-1024x683.jpg 1024w, https:\/\/www.studioboda.com\/blog\/wp-content\/uploads\/2018\/10\/11-15968-page\/11Lydia-sub-50x33.jpg 50w\" sizes=\"(max-width: 1799px) 100vw, 1799px\" \/><\/figure>\n\n\n\n<h4 class=\"wp-block-heading\">Solo para parejas aventureras<\/h4>\n\n\n\n<p>Si eres un <strong>amante del agua<\/strong> como yo, este reportaje puede interesarte. El agua es un elemento primordial de la naturaleza. Para mi estar en el agua es una sensaci\u00f3n de libertad.<\/p>\n\n\n\n<p>Cuando flotamos nos sentimos livianos y relajados un estado ideal para realizar fotograf\u00edas diferentes. Cuando nos sumergimos los efectos del agua son imprevisibles. Las burbujas y la luz lo cambian todo y nos llevan a un mundo m\u00e1gico.<\/p>\n\n\n\n<p>Durante los \u00faltimos a\u00f1os he perfeccionado las t\u00e9cnicas de fotograf\u00eda subacu\u00e1tica, aplic\u00e1ndola en el campo del retrato. Con la ayuda de un equipo de fotograf\u00eda profesional sumergible, realizo sesiones de pareja bajo el agua.<\/p>\n\n\n\n<hr class=\"wp-block-separator\"\/>\n\n\n\n<div style=\"height:100px\" aria-hidden=\"true\" class=\"wp-block-spacer\"><\/div>\n\n\n<p>[pp_gallery id=\u00bb15991&#8243;]<\/p>\n\n\n\n<div style=\"height:100px\" aria-hidden=\"true\" class=\"wp-block-spacer\"><\/div>\n\n\n\n<h4 class=\"wp-block-heading\">Reportaje de novios bajos el agua<\/h4>\n\n\n\n<p>Si estas planificando tu boda y buscas fot\u00f3grafo puedes incluir en tu reportaje una sesi\u00f3n subacu\u00e1tica.<\/p>\n\n\n\n<p><strong>Sesi\u00f3n Pre Boda bajo el agua<\/strong>: con ropa c\u00f3moda un mes antes de la boda. Suele durar un par de horas con la ayuda de un asistente.<\/p>\n\n\n\n<p><strong>Sesi\u00f3n Post Boda bajo el agua:<\/strong>&nbsp;el vestido de novia suele quedar precioso flotando en el agua. La realizamos despu\u00e9s de la boda, en piscina o en el mar.<\/p>\n\n\n\n<p>El lugar m\u00e1s adecuado y c\u00f3modo para realizar la sesi\u00f3n subacu\u00e1tica es <strong>una piscina<\/strong><strong>&nbsp;porque el agua es siempre cristalina.<\/strong> Y si es cubierta no dependemos del clima. El mar tiene la ventaja de ofrecer fondos m\u00e1s interesantes aunque requiere m\u00e1s tiempo y preparaci\u00f3n.<\/p>\n\n\n\n<p><strong>Realizar fotograf\u00edas bajo el agua es un reto<\/strong>&nbsp;<strong>divertido<\/strong> nada complicado. Organizamos la sesi\u00f3n juntos, te ayudamos a elegir el lugar ideal. Conocemos una piscina cubierta perfecta para realizar tu sesi\u00f3n en Valencia.<\/p>\n\n\n\n<p>En a\u00f1os anteriores he realizado diversos reportaje de pre boda y post boda y en cada uno el resultado fue \u00fanico y diverso. Si quieres m\u00e1s informaci\u00f3n no dudes en contactarnos sin compromiso. Atr\u00e9vete &nbsp;a realizar un reportaje desigual y desenfrenado.<\/p>\n","protected":false},"excerpt":{"rendered":"<p>Solo para parejas aventureras Si eres un amante del agua como yo, este reportaje puede interesarte. El agua es un elemento primordial de la naturaleza. Para mi estar en el agua es una sensaci\u00f3n de libertad. Cuando flotamos nos sentimos livianos y relajados un estado ideal para realizar fotograf\u00edas diferentes. Cuando nos sumergimos los efectos [&hellip;]<\/p>\n","protected":false},"author":7,"featured_media":0,"parent":0,"menu_order":0,"comment_status":"closed","ping_status":"closed","template":"","meta":{"_acf_changed":false,"footnotes":""},"class_list":["post-15968","page","type-page","status-publish","hentry"],"acf":[],"_links":{"self":[{"href":"https:\/\/www.studioboda.com\/blog\/wp-json\/wp\/v2\/pages\/15968"}],"collection":[{"href":"https:\/\/www.studioboda.com\/blog\/wp-json\/wp\/v2\/pages"}],"about":[{"href":"https:\/\/www.studioboda.com\/blog\/wp-json\/wp\/v2\/types\/page"}],"author":[{"embeddable":true,"href":"https:\/\/www.studioboda.com\/blog\/wp-json\/wp\/v2\/users\/7"}],"replies":[{"embeddable":true,"href":"https:\/\/www.studioboda.com\/blog\/wp-json\/wp\/v2\/comments?post=15968"}],"version-history":[{"count":21,"href":"https:\/\/www.studioboda.com\/blog\/wp-json\/wp\/v2\/pages\/15968\/revisions"}],"predecessor-version":[{"id":18296,"href":"https:\/\/www.studioboda.com\/blog\/wp-json\/wp\/v2\/pages\/15968\/revisions\/18296"}],"wp:attachment":[{"href":"https:\/\/www.studioboda.com\/blog\/wp-json\/wp\/v2\/media?parent=15968"}],"curies":[{"name":"wp","href":"https:\/\/api.w.org\/{rel}","templated":true}]}}